5 = 9*a - 4*a. Let b = a - 78. List the prime factors of b.
11, 37
Let s(n) = -n**3 - 7*n**2 - 9*n - 15. Let u be s(-6). Suppose -m + 5*b = -2*m + 363, 357 = m + u*b. List the prime factors of m.
2, 3, 29
Let x(l) = 171*l**2 + 59*l + 3. List the prime factors of x(-3).
3, 5, 7, 13
Let r = 54 + -52. What are the prime factors of r/((-250)/762 + 18/54)?
3, 127
Suppose x - 6*b + 7*b = 0, x = b - 8. What are the prime factors of (-10310)/(-40) - 1/x?
2, 3, 43
List the prime factors of ((-2)/((-112)/6139) - 6/(-16)) + -2.
2, 3
Suppose -6*u - u + 2555 = 0. Let x = -259 + u. Let z = x - 82. What are the prime factors of z?
2, 3
Suppose -f - 508 = -5*j, -j - 1016 = 2*f - 3*j. List the prime factors of f*(-3 - 4/(80/(-35))).
5, 127
Suppose -4*u + 42 = -u. Suppose -s - s - u = 0. Let k = s - -10. List the prime factors of k.
3
Suppose 0 = 11*a - 19414 - 6854. Suppose 4*z + 2*y - a = 0, 5*z - 2983 = 8*y - 10*y. List the prime factors of z.
5, 7, 17
Let p = 519 - -1459. Suppose -2*x + 2*s = -p, -9*x + 969 = -8*x + 3*s. List the prime factors of x.
2, 3, 41
Let v(f) = 131*f**2 - f. Suppose 20 = 2*y + 2*y - 2*w, -15 = -3*y + 4*w. Suppose -2*q - 7 = 5*o + q, o = q + y. What are the prime factors of v(o)?
2, 5, 13
Let z(g) = -g**3 - 35*g**2 - 48*g + 16. Suppose 5*o - 5*m = -185, 0 = 4*o - 4*m + 2*m + 142. List the prime factors of z(o).
2, 3, 41
Suppose -26*y + 31370 = -338142. What are the prime factors of y?
2, 11, 17, 19
Suppose 4*s = -4*d + 12, 0 = -3*s + 3*d - 7 + 28. Suppose 0 = 5*b + 4*f - 9765, 3*f = 5*b + s*f - 9775. List the prime factors of b.
19, 103
Let r = -1919 + 2785. Suppose x + v = 2*v + r, 4351 = 5*x + 2*v. List the prime factors of x.
11, 79
Suppose 2*h - 34128 = -4*t - 88, -3*h + 51084 = 2*t. List the prime factors of h.
2, 2129
Let a(r) = 31*r**2 - 5*r + 2. Let k be a(-7). Let i = k + -858. List the prime factors of i.
2, 349
Let q = -19919 - -38194. What are the prime factors of q?
5, 17, 43
Let u = -15159 + 43027. What are the prime factors of u?
2, 6967
Suppose 4*q + 4 = 0, 0*h + 6*h - 5*q - 72473 = 0. List the prime factors of h.
2, 3, 11, 61
Let r(s) = 14*s - 29. Let t(p) = -2*p + 1. Suppose 4*n = 3*i - 8, 4*i - 4 = 3*i. Let g(l) = n*r(l) + 4*t(l). What are the prime factors of g(8)?
23
Suppose -5*v - 4212 = -l, -16*l - 2*v + 16892 = -12*l. List the prime factors of l.
2, 2111
List the prime factors of (1*-2)/((-5)/8794*(-312)/(-390)).
4397
Let a = 113 + -93. What are the prime factors of (-24)/a*(-9685)/26?
3, 149
Let a = 57 + -34. Let h = a - 28. What are the prime factors of (h + (-172)/12)/(2/(-3))?
29
Suppose 5*i - 1540 = 2*i - 5*c, -5*c = 5*i - 2580. Suppose s - 206 - i = 0. List the prime factors of s.
2, 3, 11
Suppose 3*l = -2*f + 388, 0 = 4*l + f - 4 - 505. What are the prime factors of l?
2, 3, 7
Let j be 18/4*2*6/(-9). List the prime factors of (3388/(-33))/(j/9).
2, 7, 11
Let g = 662 + -662. Suppose g = 3*m + 5*f - 3937, -3*m + 5*f + 3226 = -751. List the prime factors of m.
1319
Suppose -2*q = -3*y - 13502, 276*q - 273*q - 4*y - 20255 = 0. What are the prime factors of q?
29, 233
Suppose -89 = 4*a + 75. Let s be -1*(-10)/4*1362/(-15). Let h = a - s. What are the prime factors of h?
2, 3, 31
Suppose -267400 = -21*z - 179*z. What are the prime factors of z?
7, 191
Let c(s) = -1421*s**3 - 49*s**2 - 151*s + 8. What are the prime factors of c(-3)?
23, 1669
Suppose 4*p - 138 = 10. Let v = -59 + p. Let x = -1 - v. List the prime factors of x.
3, 7
Suppose -7*i = -11 - 31. Suppose -i*h + 1572 = -1002. Let f = -243 + h. What are the prime factors of f?
2, 3, 31
Let w(i) be the second derivative of i**5/20 + 7*i**4/6 - 2*i**3 + 2*i. Let h(j) = 6*j - 8. Let r be h(-1). List the prime factors of w(r).
2, 3, 7
Let q = 114 - 100. Let c be (-12)/q*((-28)/(-6))/(-1). Suppose 0 = c*g + 4*g - 1032. List the prime factors of g.
3, 43
Let s be 6 + -2 - (9 - 1). Let p be -2*(-3 - s) + 47. List the prime factors of p + -6 + 3 + -1.
41
List the prime factors of 159280/(-8)*-3*(-3)/(-6).
3, 5, 11, 181
Let n(s) = 15130*s + 2475. List the prime factors of n(2).
5, 6547
Let q(o) = o + 6. Let s be (-4)/16 + (25/(-4))/(-5). Suppose 0 = 5*g + d - 50, -11 = -g + 5*d - s. What are the prime factors of q(g)?
2
Let g be -1 - (-1149 - 6) - 6. Let b = g + -60. What are the prime factors of b?
2, 17
Let c = 14376 - 10036. Suppose 0 = 15*q + 13*q - c. What are the prime factors of q?
5, 31
What are the prime factors of 12/12*-5 + 7296?
23, 317
Suppose -5*g + 4 = -3*g. Let y(j) = -26*j**3 + 3*j - 38*j**3 + 73*j**3 - 3*j**2 - 2 + 4*j**2 - 2*j**2. What are the prime factors of y(g)?
2, 3
Let f(l) = 3*l**2 - l + 22. Let z be f(9). Let x = -177 + z. Let o = x - -20. List the prime factors of o.
3, 11
Suppose -8*c + 12*c = 3*n - 35915, 4*n = 3*c + 47882. List the prime factors of n.
11969
Suppose -4*q = -3*y, 5*q + y + 0*y = 0. Suppose 0*u + g - 1142 = -u, q = -u - 2*g + 1146. List the prime factors of u.
2, 569
Let i(z) = -375*z**2 + z**3 + 4 + 384*z**2 + 2*z + 3*z. Let y be i(-8). Let p = y + 31. What are the prime factors of p?
59
Suppose -5*z = 2*i - 1039, -230 = -4*z + 3*i + 592. Let j = 1057 + -624. Let c = j - z. List the prime factors of c.
2, 113
Suppose -5*q + 34 = 64. List the prime factors of (4 - 423/q)*2 - 0.
149
Suppose 83 = -2*x - 171. Let a = 273 + x. List the prime factors of a.
2, 73
Suppose -2*t = 4*t. What are the prime factors of (-3)/2*1148/(-6) + t?
7, 41
Let u(o) = -o**3 + 15*o**2 + 12*o - 52. Let t be u(14). Let f = t - -244. What are the prime factors of f?
2, 139
Let f(o) = -3*o**3 + 45*o**2 - 59*o + 158. Let z(r) = -16*r**3 + 226*r**2 - 293*r + 788. Let m(t) = 11*f(t) - 2*z(t). What are the prime factors of m(41)?
941
Suppose -8 = -k - 6. Suppose c - 2*c = 3*n - 1, 0 = -2*c + 3*n + k. List the prime factors of (8 - c)/((-1)/(-14)).
2, 7
Let o = -49631 + 87987. What are the prime factors of o?
2, 43, 223
Let k = -25 + 50. Let j = 15 + k. Suppose 4*i - 44 = -5*z, 3*i + 0*z - j = -2*z. List the prime factors of i.
2
Let z(p) = 35 - 32 - 68 - 4*p. List the prime factors of z(-35).
3, 5
Suppose 16*w - 118425 + 12297 = 0. What are the prime factors of w?
3, 11, 67
What are the prime factors of 67/((-18224)/(-5473440)) + (-1)/(-17)?
20123
Suppose -3*p + 295 = 2*p. Suppose -9*j = -4*j. Suppose c = -j*c + p. List the prime factors of c.
59
Suppose 241*h - 243*h = 348. List the prime factors of h/(-1305) - (-47096)/30.
2, 5, 157
Let z = -37 + 41. Suppose -4*c = 4*o + 12, -z*c + c + 5*o - 25 = 0. What are the prime factors of (-62)/(-22) + c + (-171)/(-33)?
3
Suppose 0 = -2*u + 5*q + 10516, -8*u = -6*u + 5*q - 10516. List the prime factors of u.
2, 11, 239
Let v(l) = 11 + 8*l + 3*l - 37 - l**2. Let m be v(5). Suppose -8 = -m*y, y = -3*t + 4*y + 369. What are the prime factors of t?
5
Let p = 63 + -63. Suppose 10*z - 2*z - 656 = p. Suppose -3*o - 4*g = -99 - z, 2*o = -5*g + 123. What are the prime factors of o?
59
Let q = 8589 - 6435. What are the prime factors of q?
2, 3, 359
Let u(h) = -5 - 2*h + h**2 + 2 + 1. Let l be u(2). List the prime factors of l/(-8) - (-2712)/32.
5, 17
Let z be 70/(-28)*356/5. Let a = z - -489. List the prime factors of a.
311
Let q(v) = 4*v**2 + 8*v + 30. Let a be q(6). List the prime factors of 148/a + 316/3.
2, 53
Let g be -1*(-5 + 2) + 1081/(-47). List the prime factors of (-192)/(6/(-8) - (-5)/g).
2, 3
Suppose -l - 2220 = -3721 - 13646. List the prime factors of l.
3, 11, 17
Let y = -97 - -518. Let n = -183 + y. List the prime factors of n.
2, 7, 17
List the prime factors of (-56)/98 + 1429778/98.
3, 1621
Let p(k) be the first derivative of 10*k - 25 - 1/4*k**4 + 11/3*k**3 + 8*k**2. What are the prime factors of p(12)?
2, 29
Suppose -10 = 3*u - 5*u. Suppose 212 = 2*d + 5*j - 802, -2535 = -u*d + j. What are the prime factors of d?
3, 13
Suppose 1152 = 3*m + 3*h, -m - m + 765 = -h. Let y = 595 - m. List the prime factors of y.
2, 53
Let j(u) = -362 + 767 - 396 - 5*u. Let t be -14 - (0 + 0 + 1). What are the prime factors of j(t)?
2, 3, 7
Let f = 391 - -275. Let g = 526 + -521. Suppose -3*b + f = g*w, 9 = -5*b - 6. List the prime factors of w.
3, 5
Let t(v) = 7*v**2 - 6*v - 7. Let s(n) = n**2 + 9*n + 14. Let u be s(-4). Let o be 3 - 8/(u - -2). What are the prime factors of t(o)?
2, 3, 23
Let d be (-1 + 2)/((-7)/